{"id":1067,"date":"2022-09-19T15:55:05","date_gmt":"2022-09-19T15:55:05","guid":{"rendered":"https:\/\/theclimatebook.org\/notas-finais\/o-que-urge-fazer\/5-21-corrigir-o-nosso-relacionamento-com-a-terra\/"},"modified":"2022-09-19T15:55:05","modified_gmt":"2022-09-19T15:55:05","slug":"5-21-corrigir-o-nosso-relacionamento-com-a-terra","status":"publish","type":"page","link":"https:\/\/theclimatebook.org\/pt-pt\/notas-finais\/o-que-urge-fazer\/5-21-corrigir-o-nosso-relacionamento-com-a-terra\/","title":{"rendered":"5.21  Corrigir o Nosso Relacionamento com a Terra"},"content":{"rendered":"<div class=\"notes\">\n<p class=\"author\"><a href=\"\/contributors#robin-wall-kimmerer\" rel=\"author\">Robin Wall Kimmerer<\/a><\/p>\n<p class=\"date\">Todas as fontes online foram acedidas no dia <time datetime=\"2022-02-28\">28 de Fevereiro de 2022<\/time><\/p>\n<ol start=\"415\">\n<li>\n<p>\n<q>foram deslocados 30 milh\u00f5es de pessoas<\/q> Lavelle, M., <cite>\u2018By 2050, 200 million climate refugees may have fled their homes. But international laws offer them little protection\u2019<\/cite>, Inside Climate News, 2 de Novembro de 2021, <a href=\"https:\/\/insideclimatenews.org\/news\/02112021\/climate-refugees-international-law-cop26\/\" target=\"_blank\" rel=\"noopener\">https:\/\/insideclimatenews.org\/news\/02112021\/climate-refugees-international-law-cop26\/<\/a>.\n<\/p>\n<\/li>\n<li>\n<p>\n<q>o bem-estar psicol\u00f3gico tem uma forte correla\u00e7\u00e3o com a presen\u00e7a do canto das aves<\/q> Cockburn, H., <cite>\u2018Hearing birdsong boosts human wellbeing, study confirms\u2019<\/cite>, <span class=\"book\">Independent<\/span>, 16 de Dezembro de 2020, <a href=\"https:\/\/www.independent.co.uk\/climate-change\/news\/birdsong-mental-health-wellbeing-study-b1774784.html\" target=\"_blank\" rel=\"noopener\">https:\/\/www.independent.co.uk\/climate-change\/news\/birdsong-mental-health-wellbeing-study-b1774784.html<\/a>.\n<\/p>\n<\/li>\n<li>\n<p>\n<q>80% da biodiversidade restante do mundo<\/q> IPBES, <cite><span class=\"book\">Global Assessment Report of the Intergovernmental Science-Policy Platform on Biodiversity and Ecosystem Services<\/span><\/cite>, ed. E. S. Brondizio <em>et al<\/em>., 2019, <a href=\"https:\/\/doi.org\/10.5281\/zenodo.3831673\" target=\"_blank\" rel=\"noopener\">https:\/\/doi.org\/10.5281\/zenodo.3831673<\/a>; International Work Group for Indigenous Affairs, <a href=\"https:\/\/www.iwgia.org\/en\/\" target=\"_blank\" rel=\"noopener\">https:\/\/www.iwgia.org\/en\/<\/a>.\n<\/p>\n<\/li>\n<\/ol>\n<ol start=\"419\">\n<li>\n<p>\n<q>\u201ca espiritualidade pode ser a nossa principal adapta\u00e7\u00e3o\u201d<\/q> Suzuki, D., <em>et al<\/em>., <cite><span class=\"book\">The Sacred Balance: Rediscovering Our Place in Nature<\/span><\/cite> (3rd edn, Vancouver: Greystone Books, 2007).\n<\/p>\n<\/li>\n<\/ol>\n<\/div>\n","protected":false},"excerpt":{"rendered":"<p>Robin Wall Kimmerer Todas as fontes online foram acedidas no dia 28 de Fevereiro de 2022 foram deslocados 30 milh\u00f5es de pessoas Lavelle, M., \u2018By 2050, 200 million climate refugees may have fled their homes. But international laws offer them little protection\u2019, Inside Climate News, 2 de Novembro de 2021, https:\/\/insideclimatenews.org\/news\/02112021\/climate-refugees-international-law-cop26\/. o bem-estar psicol\u00f3gico tem&hellip;<\/p>\n","protected":false},"author":5,"featured_media":0,"parent":1050,"menu_order":21,"comment_status":"closed","ping_status":"closed","template":"page-essay.php","meta":{"footnotes":""},"class_list":["post-1067","page","type-page","status-publish","hentry"],"_links":{"self":[{"href":"https:\/\/theclimatebook.org\/pt-pt\/wp-json\/wp\/v2\/pages\/1067","targetHints":{"allow":["GET"]}}],"collection":[{"href":"https:\/\/theclimatebook.org\/pt-pt\/wp-json\/wp\/v2\/pages"}],"about":[{"href":"https:\/\/theclimatebook.org\/pt-pt\/wp-json\/wp\/v2\/types\/page"}],"author":[{"embeddable":true,"href":"https:\/\/theclimatebook.org\/pt-pt\/wp-json\/wp\/v2\/users\/5"}],"replies":[{"embeddable":true,"href":"https:\/\/theclimatebook.org\/pt-pt\/wp-json\/wp\/v2\/comments?post=1067"}],"version-history":[{"count":0,"href":"https:\/\/theclimatebook.org\/pt-pt\/wp-json\/wp\/v2\/pages\/1067\/revisions"}],"up":[{"embeddable":true,"href":"https:\/\/theclimatebook.org\/pt-pt\/wp-json\/wp\/v2\/pages\/1050"}],"wp:attachment":[{"href":"https:\/\/theclimatebook.org\/pt-pt\/wp-json\/wp\/v2\/media?parent=1067"}],"curies":[{"name":"wp","href":"https:\/\/api.w.org\/{rel}","templated":true}]}}

<div class="notes">
<p class="author"><a href="/contributors#robin-wall-kimmerer" rel="author">Robin Wall Kimmerer</a></p>
<p class="date">Todas as fontes online foram acedidas no dia <time datetime="2022-02-28">28 de Fevereiro de 2022</time></p>
<ol start="415">
<li>
<p>
<q>foram deslocados 30 milhões de pessoas</q> Lavelle, M., <cite>‘By 2050, 200 million climate refugees may have fled their homes. But international laws offer them little protection’</cite>, Inside Climate News, 2 de Novembro de 2021, <a href="https://insideclimatenews.org/news/02112021/climate-refugees-international-law-cop26/" target="_blank" rel="noopener">https://insideclimatenews.org/news/02112021/climate-refugees-international-law-cop26/</a>.
</p>
</li>
<li>
<p>
<q>o bem-estar psicológico tem uma forte correlação com a presença do canto das aves</q> Cockburn, H., <cite>‘Hearing birdsong boosts human wellbeing, study confirms’</cite>, <span class="book">Independent</span>, 16 de Dezembro de 2020, <a href="https://www.independent.co.uk/climate-change/news/birdsong-mental-health-wellbeing-study-b1774784.html" target="_blank" rel="noopener">https://www.independent.co.uk/climate-change/news/birdsong-mental-health-wellbeing-study-b1774784.html</a>.
</p>
</li>
<li>
<p>
<q>80% da biodiversidade restante do mundo</q> IPBES, <cite><span class="book">Global Assessment Report of the Intergovernmental Science-Policy Platform on Biodiversity and Ecosystem Services</span></cite>, ed. E. S. Brondizio <em>et al</em>., 2019, <a href="https://doi.org/10.5281/zenodo.3831673" target="_blank" rel="noopener">https://doi.org/10.5281/zenodo.3831673</a>; International Work Group for Indigenous Affairs, <a href="https://www.iwgia.org/en/" target="_blank" rel="noopener">https://www.iwgia.org/en/</a>.
</p>
</li>
</ol>
<ol start="419">
<li>
<p>
<q>“a espiritualidade pode ser a nossa principal adaptação”</q> Suzuki, D., <em>et al</em>., <cite><span class="book">The Sacred Balance: Rediscovering Our Place in Nature</span></cite> (3rd edn, Vancouver: Greystone Books, 2007).
</p>
</li>
</ol>
</div>

<p>Robin Wall Kimmerer Todas as fontes online foram acedidas no dia 28 de Fevereiro de 2022 foram deslocados 30 milhões de pessoas Lavelle, M., ‘By 2050, 200 million climate refugees may have fled their homes. But international laws offer them little protection’, Inside Climate News, 2 de Novembro de 2021, https://insideclimatenews.org/news/02112021/climate-refugees-international-law-cop26/. o bem-estar psicológico tem&hellip;</p>
